 2451) + -1 + -34?
0
Calculate -1 + 6 + (32 - 8) + -2 + -6.
21
Evaluate -112 - (7 - -1 - (14 - 1)) - (25 + -37).
-95
0 + -57 - (3018 + -3038)
-37
(4 + 0 - (6 + 32 + -36)) + 43
45
Evaluate -9 - ((22 - 6) + -46 + -5).
26
Evaluate 27 + 13 + 0 + -20 + -80.
-60
Evaluate -27 + (39 - -15) + -52.
-25
Evaluate 150 + -195 - (6 + 15 + 4).
-70
Evaluate -41 - -7 - (-24 - (19 - -22)).
31
Calculate -60 - 0 - (63 + (14 - 82)) - 11.
-66
(7 - 56) + 50 - (9 - -131)
-139
What is -4 + -12 + -5 + 12 + 7 + 22?
20
Calculate 34 - (-114 + -3 + 239).
-88
What is the value of (-413 - -468) + -7 + -1 + -5?
42
What is the value of 58 + (21 - -3 - 96) + 35?
21
Calculate -1 + 24 + ((16 - 5) + -3 - (-51 - -56)).
26
What is 52 + -57 + -1 + 37?
31
2538 - 2540 - (0 + 0 - -3) - (-66 + 2)
59
What is (-8 - -15) + -21 + 8 + -2 + 11 - 5?
-2
-5 + (2 + (-6 + 6 - 10) - -1)
-12
Evaluate (-1 - -8) + (117 - 155).
-31
What is the value of 5 - -7 - (-9 + (-8 - -10 - 18))?
37
What is the value of 13 - (((-4 - -11) + 9 - 2) + -19 + 20)?
-2
Calculate 17 + (2 + 8 + 2 + -35 - -7).
1
Evaluate -41 - (131 - 136 - (1 + -1)).
-36
Evaluate -111 + 129 + (-4 - 0) + -12 + 60.
62
What is 43 + -56 - -12 - (-26 + -1 - 0)?
26
What is the value of -65 + (-10 - (7 - 72))?
-10
Calculate -607 + 515 - (5 - 147).
50
What is -13 + 21 - (12 + 30)?
-34
-25 - (-11 - -62 - 61)
-15
Evaluate 22 - (-54 - -225) - -106.
-43
Calculate -3 + 23 + -15 + (29 - (-4 + 22 + -8)).
24
What is the value of (45 - -82) + -85 - 146?
-104
Calculate -11 - (-4 + -12 - (-23 + 28)).
10
What is (91 - 142) + 68 + 69?
86
What is the value of (61 + -179 - -95) + 70 + 0?
47
Calculate -8 - (-24 - -111) - (-3 + -2 + (-1 - -4)).
-93
What is 52 + -5 - ((33 - 9) + -48 - -20)?
51
What is the value of (-40 + 38 - -44) + 1?
43
Evaluate (12 - ((5 - -33) + -4 + -11)) + 2.
-9
Evaluate -6561 + 6557 + -42 + -1 + (-2 - -1).
-48
What is the value of 25 - (-126 + 200 + -21)?
-28
Calculate (-1 - 13) + 133 + -114 + -17.
-12
What is (26 - 1) + -29 + (72 - 46) - -13?
35
What is -34 + -16 - (-107 + (0 - -9))?
48
Calculate (11 + -16 + -15 - -25) + -21.
-16
What is the value of (18 - (-1 + 3)) + 10 + (11 - 4 - 9)?
24
What is 15 + 2 + -61 + -5 + (-1 - -12 - 4)?
-42
6 - 6 - 6 - (111 + -110 - (35 + 0))
28
Calculate -43 - ((113 - 147) + 132).
-141
Evaluate (1 - 25 - -7) + 7 - -10.
0
What is the value of -36 + 27 + (21 - 10) - 38?
-36
Evaluate (3 - 0) + 30 + -35 + (-2 - (-5 - 1)).
2
37 + ((25 - 14) + 1 + 8 - 10)
47
Calculate (1233 - 1294) + 8 + 102.
49
(3 - -2 - (63 - (17 + 45))) + 40
44
What is (0 + (1 - 6) - 60) + (-538 - -534)?
-69
Calculate -52 + (82 - 67) - (33 - -1).
-71
-275 + 259 + (-21 - 0)
-37
Evaluate (-772 - -721) + -1 + 2 + 1.
-49
Evaluate 21 + 1 - (-8 + (27 - 12)).
15
What is the value of 101 + (100 - 199) + 54?
56
What is the value of 5 + -9 + 10 + 2 + (-9 - (-7 + 94))?
-88
Calculate 20 + (21 - (-19 - -25)) + -134 - (13 - -1).
-113
-55 - (-40 - -51 - (0 + 20 + 1))
-45
What is (-9 - 5) + 36 + 21?
43
Evaluate (122 + (-16 - -3) - (-4 + 5)) + -14.
94
Evaluate -12 + (-58 - -25) + 0 - -29.
-16
What is the value of 0 + (10 - 113) - (3 - (-7 + 14 + 3))?
-96
What is the value of 64 - (57 - 54 - -27)?
34
What is (1 - -17) + (3 - (-3 + 19) - -6) - -28?
39
Evaluate 24 + -2 + 29 + 1 + 20.
72
Calculate 9 - 17 - (2 + -2 + 2 - (103 - 63)).
30
(17 + -48 - (3 + -12)) + -22
-44
What is (10 - (21 + -23)) + (1 - (-18 + (6 - -3)))?
22
What is -3 + -2 + (15 - 27) + 17 + 58?
58
((26 - 11 - -2) + -15 - 9) + (0 - 98)
-105
(56 - (-13 + 13)) + (-2 - (1 + -8)) + 10
71
12 + 19 + -38 - (-25 + 2 - (0 - 3))
13
Calculate (99 - 107 - (1 - -29)) + 1 + -15.
-52
Evaluate -26 - (21 - -16 - 53).
-10
Calculate (2 + 9 - 0) + 16 + -2 + -46.
-21
Evaluate 41 - (-1 + (2 - -1)) - ((-40 - -36) + -7).
50
Evaluate -2 - (-106 - (-1 - (0 - 0))) - (-20126 - -20141).
88
Calculate 0 + 7 + 11 - (-18 + 36 + -19).
19
What is the value of 3 + 2 + (5 - (-2 + 6)) + (33 - 32)?
7
What is the value of 13 + 1 + (-39 - (-17 + 34 + 13 + -21))?
-34
-105 + 59 + (11 - -11)
-24
What is 5 + (-3 - -22) + -31 - -6?
-1
What is the value of (7 - 13) + (-12 - -1 - 44)?
-61
What is 6 + 10 + -27 + 0 - -58?
47
What is -10 - (8 - -27 - 47)?
2
What is the value of (14 - 6 - (-8 + 22)) + 26?
20
What is 46 - ((-8 - 8) + -2) - (4 + 2 + -6)?
64
-18 + 95 + 38 + -225
-110
What is the value of (0 - (22 + 1)) + -589 + 599?
-13
What is the value of (-44 - -46) + -46 + 39?
-5
-18 - (-222 + 183 + 0 + 15 + 20)
-14
9 + (-1 + 21 - 18) + -23 + 10
-2
Evaluate 12 + -4 + 1 - ((24 - 25) + -20).
30
78 + (-18 - (5 + 9 + -18)) - 0
64
(6 + -5 - (-11 + (-8 - -10 - -15))) + -4
-9
Calculate 187 + (-333 + 97 - -96).
47
What is the value of -9 + -4 + 3 + (9 - -1) + 836 + -822?
14
What is the value of -22 + 28 + (-2 - -8 - 6) - -95?
101
Calculate ((11 - -11) + -20 - 6) + 17.
13
Evaluate 29 - 10 - (129 + -183).
73
What is the value of 10 - 9 - (1 - 3) - (-5 + 42 + -30)?
-4
-9 + 11 + (150 + -140 - (-2 + (9 - -1)))
4
What is -11 - (-30 + (13 - 22) - 19)?
47
What is -17 + (19 + 31 + -23 - 148)?
-138
Calculate 78 + 0 - (17 + (-2 + -13 - (-63 + 60))).
73
Calculate 89 - (-7 - -64) - 44.
-12
447 + -423 + -3 + 12 + -7
26
What is (2 - -8) + (-3 + 7 - 22) + 6 - 15?
-17
What is the value of 23 - 73 - (-37 - 7)?
-6
(-5 - -30) + 338 + -368
-5
18 - 9 - (8 + 1) - ((2 - -48) + -4)
-46
Evaluate (21 - 3) + 60 + -175 + 23.
-74
Calculate -4 - (-16 + 0 - (-78 - (-15 + 0))).
-51
Calculate (147 - 117) + -10 - 30.
-10
What is the value of -106 + (2 - 2 - (6 - (-10 - (-12 + -5))))?
-105
Evaluate -82 + 27 + 110 - 98.
-43
Evaluate (10 + -9 - -47) + -3 + (-2 - (-15 - -12)).
46
Evaluate (-2 - 0) + (6 - 2) + (-55 - 12) + 9.
-56
Evaluate (-2722 - -2759 - (0 + 31)) + (39 - 2).
43
Evaluate 13 - -38 - (-20 + 118).
-47
Calculate (-12 - 80) + 203 - -2.
113
Evaluate (-2 + -1 - -13 - (33 + 0 + -24)) + -41.
-40
Evaluate -81 + 58 - (2 + (27 - 3)).
-49
(-111 - -107) + -12 + -7 + -3
-26
What is 0 - (-3 + (-28 - (-7 - (-1 - -4))))?
21
Calculate 34 + (39 + -44 - 30) + 89.
88
1 + -5 - (-77 - -92) - (102 - 115)
-6
What is 17 + (207 + -217 - (0 - 11)) + 0?
18
What is the value of 8 + (-3 + 5 - ((126 - 5) + -9 - 26))?
-76
What is the value of -9 - -46 - 22 - (1 - 2 - 40)?
56
Calculate ((5 - -2) + -7 - 6) + (19 - -8).
21
What is 0 + -3 + (-58 - -144 - 176) + 0 + 13?
-80
What is the value of 114 + (-52 - (70 + -60))?
52
What is the value of 25 + -139 - -75 - (-28 - -7)?
-18
What is (12 - (18 - (14 - -6)) - -8) + -3?
19
Calculate 5 + 26 + (-333 - -117) + 34.
-151
Evaluate 107 + -51 - 1 - 82.
-27
What is the value of 1 + (-12 - -5) - 2 - ((-12 - -5) + 9)?
-10
Calculate 51 + (-21 - -42 - 30).
42
What is the value of -389 + 559 + -1 + -96?
73
96 + (-247 - -159) - (-2 + 1 + 0 + -48)
57
What is -244 + (-101 - (-227 - -11))?
-129
7 + -3 - ((-28 - -38) + -9 + (1 - 12))
14
(-1 - -17) + (-41 - -19) - (3 + (2 - 44))
33
Calculate -90 + 78 + (3 - (-80 + -5 + 5)).
71
Evaluate 19 - 19 - (1 + -13 + 4 + -2).
10
Evaluate (-39 - (7 + -68)) + 96 + (3 - -2).
123
Calculate -6 - ((-21 - 0 - -11) + 1) - -7.
10
What is the value of -1 - -1 - 4 - (-4456 + 4439)?
13
What is the value of 2568 + -2524 - (47 - 1)?
-2
Calculate (-33 - 259) + 305 - (62 - 0).
-49
Evaluate -19 - (-25 - -7) - 3.
-4
What is -5 + (24 - (18 + 10)) + (-3 - -33 - 1)?
20
Calculate 14 + -34 + -38 + 57.
-1
Calculate -236 + 231 + 26 + 1 - (-1 + -1 + 7).
17
What is 11 - (-9 - 0) - (-34 - (-36 + -20))?
-2
Calculate 55 - 62 - (-18 - -3 - 2) - (-50 - -139).
-79
What is 76 + (113 - (111 + 81))?
-3
Calculate -625 - -633 - (47 - -4 - 5 - (-2 + -3)).
-43
What is -16 + (-11 + (4 - -12) - 5)?
-16
-9 + 70 + 4 + -38
27
Evaluate (30 - 36) + (-1 - (-6 + -1)) + 0 + 1.
1
Calculate (1 - -1) + 3 - (45 - 41) - (96 - -1).
-96
What is the value of (-7 - 43 - -82) + -49 + (72 - 0)?
55
What is the value of 65 + -24 + 6 + -25 + -5 - 12?
5
26 + -1 + (757 - 812)
-30
What is the value of 3 + -82 - (-2204 + 2208)?
-83
What is the value of 8 - (10 - (-5 - 19) - (28 - 53))?
-51
Calculate -131 - (9 - 23) - -23 - (22 - 12).
-104
Evaluate 2 + (-9 - (5 + -6) - 33) + 7 + -1.
-33
Calculate -118 - (36 + -162) - 104.
-96
What is the value of (13 - (87 - (-8 + (3 - 1) - -4))) + 10?
-66
What is -31 + (-26 + 7 - 0) + 22 + 11?
-17
What is -50 - (-41 - (82 - 55))?
18
What is the value of (40 - (46 + 39 + -70)) + -71?